203 a prime number?
True
Is 32401 composite?
False
Is 42134 composite?
True
Is 1481 a prime number?
True
Is 232517 a prime number?
False
Is 102343 composite?
True
Is 807 composite?
True
Is 2018 composite?
True
Is 26083 prime?
True
Is 42923 a prime number?
True
Is 6029 a prime number?
True
Is 260501 composite?
True
Is 289789 composite?
False
Is 18883 prime?
False
Is 864349 a prime number?
False
Is 2561 a composite number?
True
Is 821213 a composite number?
True
Is 21787 a composite number?
False
Is 1273001 prime?
True
Is 3719 prime?
True
Is 1465907 a composite number?
True
Is 2000753 composite?
False
Is 12533 a prime number?
False
Is 9601 a prime number?
True
Is 285191 a prime number?
True
Is 11801 prime?
True
Is 48043 a prime number?
False
Is 16277 a prime number?
False
Is 121573 a composite number?
True
Is 623699 composite?
False
Is 129565 a prime number?
False
Is 902849 prime?
True
Is 3251 a composite number?
False
Is 19253 a composite number?
True
Is 2249597 a composite number?
True
Is 7978 composite?
True
Is 99413 a prime number?
False
Is 1304357 a composite number?
False
Is 1832741 composite?
True
Is 326251 composite?
False
Is 1347 a prime number?
False
Is 8191 composite?
False
Is 14143 a composite number?
False
Is 52439 composite?
True
Is 31627 composite?
False
Is 79531 prime?
True
Is 1814 prime?
False
Is 1643 a prime number?
False
Is 248639 prime?
True
Is 134141 composite?
True
Is 1925241 a composite number?
True
Is 428843 prime?
True
Is 1351689 a composite number?
True
Is 113 composite?
False
Is 1171055 prime?
False
Is 541037 prime?
False
Is 84481 prime?
True
Is 29257 a composite number?
True
Is 10949 composite?
False
Is 98491 a composite number?
False
Is 813009 prime?
False
Is 19911 prime?
False
Is 10687 prime?
True
Is 6905 prime?
False
Is 384383 a composite number?
False
Is 3691 a composite number?
False
Is 26905 a composite number?
True
Is 207467 a composite number?
True
Is 253117 a composite number?
True
Is 147541 a prime number?
True
Is 63799 prime?
True
Is 1613197 prime?
False
Is 514 a prime number?
False
Is 23501 a prime number?
False
Is 459313 prime?
True
Is 15727 composite?
False
Is 57973 a prime number?
True
Is 157 composite?
False
Is 1048919 a prime number?
True
Is 268609 a composite number?
True
Is 937777 a composite number?
False
Is 27253 composite?
False
Is 2450491 prime?
True
Is 2683897 prime?
True
Is 110243 composite?
True
Is 68041 a prime number?
True
Is 18593 composite?
False
Is 63949 a composite number?
False
Is 14923 composite?
False
Is 4271 a composite number?
False
Is 2053 a prime number?
True
Is 69593 a prime number?
True
Is 490693 a composite number?
True
Is 163601 composite?
False
Is 2455 a composite number?
True
Is 4739 prime?
False
Is 19337 prime?
False
Is 185195 a composite number?
True
Is 69313 composite?
False
Is 18607 prime?
False
Is 72317 a prime number?
False
Is 60437 a composite number?
True
Is 48171 a prime number?
False
Is 8083 a prime number?
False
Is 238133 a composite number?
True
Is 1943 a composite number?
True
Is 33373 prime?
False
Is 63901 a composite number?
False
Is 457979 composite?
False
Is 10771 composite?
False
Is 9733 composite?
False
Is 34663 composite?
True
Is 53135 prime?
False
Is 13343 composite?
True
Is 16919 a composite number?
True
Is 30883 a composite number?
True
Is 4619 a prime number?
False
Is 423823 composite?
False
Is 186421 composite?
True
Is 317771 a composite number?
False
Is 21269 a composite number?
False
Is 30617 prime?
False
Is 12959 a composite number?
False
Is 728765 composite?
True
Is 309089 composite?
True
Is 6761 prime?
True
Is 235567 a composite number?
True
Is 87211 composite?
False
Is 420159 a composite number?
True
Is 60509 a composite number?
False
Is 8977 composite?
True
Is 1442755 prime?
False
Is 138923 composite?
False
Is 1027357 composite?
False
Is 3043 composite?
True
Is 389777 prime?
False
Is 1729613 a prime number?
False
Is 76061 composite?
True
Is 1739 a composite number?
True
Is 753851 a composite number?
True
Is 28133 prime?
False
Is 469837 a composite number?
True
Is 87739 a composite number?
False
Is 68881 a composite number?
False
Is 19531 a prime number?
True
Is 330517 a composite number?
True
Is 4593965 composite?
True
Is 172001 a composite number?
False
Is 13921 prime?
True
Is 1291 prime?
True
Is 32987 composite?
False
Is 175129 composite?
False
Is 1927 composite?
True
Is 28151 a composite number?
False
Is 26074 a composite number?
True
Is 342613 a composite number?
True
Is 47491 a composite number?
False
Is 34433 prime?
False
Is 24403 prime?
False
Is 143651 prime?
True
Is 339989 prime?
False
Is 55987 prime?
True
Is 184449 a prime number?
False
Is 26283 a composite number?
True
Is 1561 composite?
True
Is 57059 prime?
True
Is 1173157 a composite number?
False
Is 37781 prime?
True
Is 1758077 composite?
True
Is 125803 a prime number?
True
Is 7663 composite?
True
Is 20261 a composite number?
False
Is 188983 prime?
True
Is 151031 composite?
True
Is 14897 prime?
True
Is 3898 a prime number?
False
Is 1186931 prime?
True
Is 9223 prime?
False
Is 5310319 a composite number?
True
Is 59951 a composite number?
False
Is 73541 a prime number?
False
Is 1956107 composite?
True
Is 45209 prime?
False
Is 2941 a composite number?
True
Is 73237 a composite number?
False
Is 45247 composite?
False
Is 9173 a composite number?
False
Is 16251 composite?
True
Is 3941 a composite number?
True
Is 13753 prime?
False
Is 3959 composite?
True
Is 2222005 composite?
True
Is 983113 a composite number?
False
Is 219893 prime?
False
Is 10969 composite?
True
Is 567163 composite?
True
Is 230149 composite?
False
Is 17603 composite?
True
Is 733 prime?
True
Is 5042 composite?
True
Is 143069 prime?
False
Is 70753 a composite number?
False
Is 351121 prime?
True
Is 1090589 a composite number?
False
Is 1351 prime?
False
Is 44989 composite?
True
Is 347 a prime number?
True
Is 25649 a prime number?
False
Is 6997 composite?
False
Is 105753 a composite number?
True
Is 103111 prime?
False
Is 2099 composite?
False
Is 99809 prime?
True
Is 64147 prime?
False
Is 113387 composite?
True
Is 80113 a composite number?
True
Is 296627 composite?
False
Is 26303 a composite number?
True
Is 154667 prime?
True
Is 26371 composite?
False
Is 117661 composite?
True
Is 3763 a composite number?
True
Is 1115447 a composite number?
False
Is 205783 prime?
True
Is 11053 a composite number?
True
Is 35729 prime?
True
Is 315349 a prime number?
True
Is 49299 a prime number?
False
Is 1439 composite?
False
Is 61331 a composite number?
False
Is 6547 composite?
False
Is 30917 composite?
True
Is 7369 composite?
False
Is 61001 prime?
True
Is 16207 composite?
True
Is 641 prime?
True
Is 8369 prime?
True
Is 1356053 a composite number?
False
Is 31877 a composite number?
True
Is 1563 prime?
False
Is 29239 composite?
True
Is 4699 prime?
False
Is 14699 a composite number?
False
Is 805478 prime?
False
Is 41461 prime?
False
Is 1399 prime?
True
Is 8501 prime?
True
Is 29383 composite?
False
Is 366385 a composite number?
True
Is 50311 a composite number?
False
Is 5263 a prime number?
False
Is 187787 prime?
True
Is 9719 a prime number?
True
Is 20323 composite?
False
Is 17399 composite?
True
Is 2813 a composite number?
True
Is 3193 a prime number?
False
Is 6599 prime?
True
Is 1247 a prime number?
False
Is 6007 prime?
True
Is 50441 a composite number?
False
Is 53673 prime?
False
Is 221 prime?
False
Is 75071 a composite number?
True
Is 4499 a prime number?
False
Is 498595 prime?
False
Is 4283 composite?
False
Is 191 a composite number?
False
Is 2427571 prime?
True
Is 31121 a composite number?
False
Is 15491 a prime number?
False
Is 257099 prime?
True
Is 899 composite?
True
Is 4075235 prime?
False
Is 2707699 prime?
True
Is 12977 a composite number?
True
Is 244757 a composite number?
True
Is 56843 a composite number?
False
Is 19207 a prime number?
True
Is 14699 a prime number?
True
Is 4841 composite?
True
Is 2927 composite?
False
Is 170039 a prime number?
False
Is 2219 prime?
False
Is 21577 a prime number?
True
Is 6079 prime?
True
Is 9769 prime?
True
Is 1647355 prime?
False
Is 205019 prime?
True
Is 231095 prime?
False
Is 2843 a composite number?
False
Is 6457 composite?
True
Is 27271 a prime number?
True
Is 3543 prime?
False
Is 783407 a comp